1 + 19 + 0?
9
What is the value of 5 - (4 + 6 + -28 - 28)?
51
Evaluate 92 + -46 + -32 + 1 + 1 + 9.
25
What is the value of 24 + (24 - (41 - 26)) + -126?
-93
Evaluate 8 + 52 + -10 - (-6 + -3 - -1).
58
-95 - (7 + (20 - (52 + -12)) + 19)
-101
What is the value of 657 + -631 - (-5 + 5 + -36)?
62
Evaluate (-111 - -71) + 3 + 14 - (6 + -6).
-23
What is -56 + (10 - ((40 - 34) + (4 - (8 - 0))))?
-48
What is the value of (-9 - (-1 + -9 + 2 + -48 + 53)) + 56?
50
Calculate 31 + -18 + 0 - 77 - (5 - (-2 + 0)).
-71
29 - (47 + -1 + 1) - 36
-54
Calculate -4 + 17 + -9 + 2 + -1 - 27.
-22
What is the value of -164 + 47 + 117 + -65 + -1?
-66
Calculate (-224 - -235) + (4 - (3 + -63)).
75
-34 + 0 - (6420 + -6404)
-50
What is the value of -76 + 55 + -31 - 55?
-107
(7 - (-55 + 82)) + -11 + -6 + 5
-32
Evaluate -3 - (-5 + -12) - (44 + -21 + -14).
5
6 + -28 + -1 + 14 - (46 + 0)
-55
What is -15 + 24 + 19 + 2 + -16?
14
81 - 54 - 25 - (-39 + 0 + 0)
41
What is the value of -7 - (16 - 0) - (6 - (8 - (-7 + 8)))?
-22
Calculate -5 + -1 + (18 - 16) + -176 + 146.
-34
Evaluate 3 + 9 + 18 + (24 + -5 - (7 + 2)).
40
Evaluate 7 - (7 + -71 + 1) - 7 - -2.
65
What is -28 + (101 - 81) + -1 + 11 - (14 + 1)?
-13
Calculate 9 + -142 + 119 + -39.
-53
(2 - 11) + (769 - 797) + -1 + -27
-65
Evaluate -7 + (-125 + 115 - ((-1 - 1) + -43 + -4)).
32
Calculate 12 + 1 + 15 + -15 + -29 + 55.
39
-36 + 59 + (-89 - -120)
54
What is (-11108 - -11095) + (3 - 0) + 87 + -5?
72
What is the value of 80 + -1 + (105 - 93)?
91
What is (0 - (-7 + 2)) + 111 + -56 + -27?
33
Calculate 15 + (1 + -43 - (94 + -36 + -73)).
-12
Evaluate -98 + 1 + (-858 - -933).
-22
What is the value of -8 - -14 - (60 + -67 - (-35 + (1 - 1)))?
-22
Evaluate -18 + 0 + -251 + 233 + 11.
-25
Calculate 14 - 4 - (-38 - -67) - (1 - 6).
-14
4347 + -4352 + (1 - (2 + 1))
-7
Evaluate 15 - (8 + (25 - (102 - 11))).
73
What is (-43 - (-28 - -135)) + -13 - -42?
-121
What is 27 - ((1199 - 1182) + 1 + -5)?
14
Evaluate 48 - (-25 + (23 - -11)).
39
What is (48 - (31 + 26)) + 26?
17
0 + 1 - (31 + 59 + -23 + -69)
3
Evaluate -5 + (-21 - (-66 - -16)).
24
Calculate (-1 - (-1 + (5 - 8))) + -6 + (11 - -1).
9
Evaluate 19 + 0 + (239 - -21) + -290.
-11
31 - (-125 - -122) - 99
-65
Calculate -9 + 4 + 4 + -1 + 6 + -14 - -54.
44
What is 137 + -162 + 40 + 3 + -13?
5
What is -20 + 5 + 8 + 22 + -5 + (-62 - -2)?
-50
What is (-4 - 2) + -6 + (-62 - -71) - 11?
-14
What is the value of 26 + -18 - (1 - -9) - (0 - -44)?
-46
-17 + -2 + -3 + (0 - 1 - -18)
-5
What is the value of (24 - (-4 - -3)) + -97 + 32 + 51?
11
Evaluate (-1 - -49 - (-73 - -107)) + (-1 - 51).
-38
31 + -26 + (16 - -4) + -35 - -43
33
Evaluate 8 + -11 + -12 + (-12 - -95).
68
Evaluate (-42 - (-40 + 20) - -29) + 25.
32
(154 - -41) + (185 - 303)
77
Calculate -41 + 1 + 39 + -13 - -77.
63
Evaluate -33 + -16 + 20 + 0.
-29
-107 + -44 + 55 + (-8 - 36)
-140
What is -13367 + 13313 + 2 + 72?
20
Evaluate -26 - (-3 + (20 - 11 - -2) - (-6 - -20)).
-20
-64 - (-82 + -57) - 27
48
What is the value of 19 - (13 - -19) - (4 - 22)?
5
167 - 226 - (-67 + -7)
15
17 + (22 - 42) + 17 + -7 + (-1 - 30)
-24
49 + -3 + (6 - -11)
63
Evaluate 5 + (-8 - (-6 + -4 - (-3 - 6))).
-2
(-3 - (2 - -62)) + (16 - (-12 + 4 + 28))
-71
What is the value of -3 + -9 - (1 + 23 + 476 + -535)?
23
What is the value of 12 + -2 + ((33 - (4 + 12)) + -6 - -36)?
57
Calculate -16 + (1 + 18 - (1165 - 1187)).
25
Calculate (1 - (5 - 22)) + 31 + -15.
34
What is the value of (-2 - -53) + (20 + (14 - 39) - -17)?
63
Evaluate (34 - -2) + (-341 - -329).
24
Calculate 14 + (3 - 0) - 56.
-39
What is the value of -29 - (3 - -1) - (565 + -549)?
-49
What is the value of -4 - (9 - ((-37 - -20) + 39)) - 96?
-87
What is the value of (-7 - 10) + 6 + -4 + 14 + -7 - -85?
77
-17 - 5 - (-868 + 871)
-25
Evaluate -30 + 95 + -45 + -14.
6
Evaluate (1 - (2 - -5) - 35) + (0 - -16).
-25
Calculate 95 + 2 + 0 + 402 + -158 + -237.
104
-19 + 0 + 110 + -30
61
Calculate 16 - (17 + 25 + -38) - 12.
0
What is -62 + (46 - 108) + 181?
57
What is (-17 - -43 - 3) + -40?
-17
Evaluate 10 - 26 - 13 - (-12 - (7 - 11)).
-21
27 + 0 + -15 + (-131 - -78)
-41
-14 + (13 - (-6 + (11 - 5))) - (58 + 1)
-60
Evaluate -2 + -131 - (71 + -58) - -31.
-115
Evaluate 15 + (-23 - 1) + 10 - -66.
67
Calculate -21 - (-1 - (-25 + 8) - -16).
-53
What is 420 + -514 + 38 + 5?
-51
Evaluate 13 - (-45 + 64) - (-11 - (-7 - -3)).
1
What is -109 + 5 - (123 - 38 - 99)?
-90
What is the value of 98 + 22 + 4 + -110?
14
What is the value of 138 - (-9 - (1 + -12 + 0)) - (15 - 1)?
122
Calculate -132 + (17 - (-286 - -71)).
100
What is the value of (35 - 38 - 3) + -33?
-39
What is the value of -2 + -6 + (-6 - -19) - (-4 + 88 + 3)?
-82
Evaluate 8 + (-74 - -1) - (-4 - -12 - (-7 - -15)).
-65
What is -12 - (-8 + (-2 - 5))?
3
What is the value of -13 + (30 - -4) + -5 - 21?
-5
Evaluate -2 + 5 - (10 - (11 + -8) - (26 + -10)).
12
Calculate (395 - 364) + 1 + -8 - -96.
120
What is the value of 146 + -10 + 3 + (-25 - 1 - -12) + 13?
138
Calculate (-18 - (13 + -15 - 68)) + 3.
55
Evaluate -12 + 5 + 32 + 37.
62
What is the value of (-43 - (25 - 62)) + (10 - 6 - -101) + 6?
105
What is -17 + 6 - (-22 - (8 - (10 + 5)))?
4
Calculate 2 - -2 - (-15 - (27 - 14) - 8).
40
Calculate (-82 - -38) + 55 - (-12 - 6).
29
What is -2 - -13 - (-1 + (94 - 93))?
11
What is 8 + (-1 - 22) + (18 - 15) - 5 - 4?
-21
Evaluate 10 - (152 - 150 - (-46 - (-4 + (-1 - -3)))).
-36
What is the value of -113 + 110 + (-4 - (0 - 6) - 1) - -9?
7
What is 15 + 0 - (26 - (164 + -115 + 1 + -9))?
30
Evaluate (64 - 104) + -72 + -22.
-134
Evaluate 33 + 14 - (16 + 37).
-6
Calculate 1 - (-2 - -6) - (-99 - -97).
-1
What is the value of (-2 - (-84 + -6)) + -88 + 100?
100
-44 - 6 - (236 - 155)
-131
What is 5 + (216 - 210) + -2 + (3 - 2) + -8?
2
What is -36 - ((-37 - -83) + -83)?
1
Evaluate 12 + (-17 - (-108 - -33)).
70
What is the value of 16 + 47 + -36 + (29 - -11)?
67
What is the value of 0 - 20 - ((-1 + -4 - 0) + -66 + 79)?
-28
What is -115 + -43 + 130 + 70?
42
What is (-11 - -6) + 15 - (-40 + 53)?
-3
Calculate 17 - (-23 - (6 - (4 + 15))).
27
What is -75 + 70 + 36 + -81?
-50
What is 124 - (153 + -24) - (-1 - 51)?
47
What is 39 + (-21 - (-25 + -26 + 18))?
51
Evaluate -141 + 0 - ((17 - -26) + -22 + -26).
-136
What is the value of -2 - 10 - (22 + (6 - (104 - 27)))?
37
53 - (9 - (16 + -20 + (18 - 4)))
54
What is 42 + ((-16 - (-5 - (-2 - -5))) + 15 - 6)?
43
Evaluate -2 + 7 - (111 - 99) - 35 - 3.
-45
What is 0 + 65 - (2684 + -2634)?
15
What is 31 + 2 + -19 + (26 - (-18 - -34))?
24
Calculate -39 - ((29 - (-81 - -41)) + -40).
-68
-2 - -7 - (1656 + -1597)
-54
Evaluate (-570 - -556) + 0 + 18 - (-14 - -3).
15
Evaluate -4 - (-44 - (4 + -14)).
30
What is -151 - (-58 - 30) - -123?
60
What is 62 - (50 - 33) - (-3 + -8)?
56
Calculate -39 + -31 - (0 - 37).
-33
What is -18 - -7 - (-173 + 157 - (0 - 20))?
-15
Evaluate -10 + (-8 - -7) - (-78 + 58) - -16.
25
Calculate 0 + -26 - (1 - (14 - -4)).
-9
Calculate (90 + -243 - (-1 - 43)) + -41.
-150
75 - (-2 + -11 - (-14 - 24))
50
What is the value of -36 + 0 - -3 - (217 + -247 + -3 + 35)?
-35
What is the value of (-8 - (-17 + 8 - -13)) + 29?
17
-2 - -58 - (-8 - ((0 - 10) + -229 + 227))
52
(-10 - -19 - -13) + -14 - (-4 + 0)
12
Evaluate (3 + -5 - -14) + (10 - (13 + 3)) + -35.
-29
What is (20870 - 20881) + 1 + -56 + -2 + -2 + 4?
-66
(-1 - (-6 + 4)) + 4 + 74 + -97
-18
What is (-7 - -6 - 4) + (259 - 228)?
26
-15 + (-17 - -1 - (-375 - -353))
-9
(-30 - -60) + -273 + 129
-114
What is the value of 6 + -13 + 9 + -43 - -9?
-32
Calculate (-37 - (38 + -56)) + (-23 - -22) + 11 + -1.
-10
Calculate 7 + (8 - -11) + -42 + 27 + 63.
74
What is the value of (-8 - (-3 - 3)) + 0 + -11 + (16 - 9)?
-6
-39 + 105 + 18 - (-6 + 5)
85
Evaluate (0 - 1) + (19 - 75) + 26.
-31
Evaluate (13 + 19 - (-8 + -2)) + -11.
31
What is the value of (51 - 76) + -2 + -7 + -2?
-36
What is the value of (577 - 629) + (2 - 2)?
-52
Evaluate 1 + (-8 + -13 - -15) - 23.
-28
18 + 7 + 7 + (5 - -2 - (-4 - -7))
36
Evaluate (475 - 449 - (0 + 39)) + 17 + -1.
3
What is 2 + 62 - (7649 - 7539)?
-46
Calculate -164 + (-1 + 77 - -35).
-53
Calculate 304 + -256 + -26 + -4.
18
What is -64 + (0 - 3) + (-20 - -33)?
-54
(97 - (175 + -78)) + -97
-97
Evaluate -64 + (-4 - (-2 + 1) - (-20 - -3)).
-50
Evaluate (-15 - 5) + 20 - 1 - (-14 - (-4 - -3)).
12
-3 + 36 + -22 - 3 - 80
-